-5*k - 3*j + 24839 = 0, 0*j + 3*j - 14901 = -3*k. List the prime factors of k.
4969
Let z(t) = 2716*t**2 + 6. Let w be z(-2). Suppose 33*p - w - 383 = 0. List the prime factors of p.
11, 31
Suppose 0 = 40*v - 1257824 - 210536. What are the prime factors of v?
36709
Let o(d) = -8009*d - 3452. List the prime factors of o(-4).
2, 3, 397
List the prime factors of 9504500/400 - (-1 + (-12)/16).
3, 89
Let f = -257 - 14. Let z = 491 + f. List the prime factors of z.
2, 5, 11
Suppose -n + 7202 = 5*d, 0*d + 2*n - 1444 = -d. Suppose 2*y = -2*y + d. List the prime factors of y.
2, 3, 5
Suppose -1480 = 5*c + 5*m, 1185 = -4*c - 3*m - 2*m. Let o = 112 + c. What are the prime factors of -4 - 12/(-3) - o/1?
3, 61
Suppose -165*y + 172*y = 118230. What are the prime factors of y?
2, 3, 5, 563
Let c(b) = -2*b**2 + 43*b + 25. Let k be c(22). Suppose 2*s - 166 = -3*z, -68 = -k*s - 5*z + 179. List the prime factors of s.
89
Suppose -6*b + b = 5*y - 71570, 0 = 2*b + 6. List the prime factors of y.
103, 139
Let g be ((-16)/(-3))/2*18. Suppose -2*p + 55 = -a, 3*a - 4*p = -131 - 34. Let q = g - a. What are the prime factors of q?
103
List the prime factors of (-56)/(-420) - 1802504/(-120).
3, 1669
What are the prime factors of 5*30/(-225)*-489?
2, 163
Let a be (-4)/(-6) + ((-127655)/(-15) - 6). Suppose 3*z - a = -12*z. List the prime factors of z.
3, 7
Let w = 72 + -280. Let q = 559 + w. List the prime factors of q.
3, 13
Let x(o) = -53*o + 4. Let p be x(-1). Suppose f - 5*w = -3*f + 39, 0 = 2*f + 5*w - p. Let q(z) = z**3 - 16*z**2 + 5*z - 27. List the prime factors of q(f).
53
Let b be (-8904)/(-265) + (-2)/(-5). Suppose 44*o = b*o + 2690. What are the prime factors of o?
269
Let w = -5659 - -13094. List the prime factors of w.
5, 1487
Suppose q = 4*t + 23, -7 = -q - 4*t + 8. Let i = 172 + q. Let x = -112 + i. What are the prime factors of x?
79
Let m = 1638 - 818. Suppose -12*d + m = -2*d. Suppose f - d = 17. What are the prime factors of f?
3, 11
Let q = -92 + 130. Suppose -2*g - 98 - q = 0. Let o = g + 183. List the prime factors of o.
5, 23
Let k = -216 + 179. List the prime factors of k/((-2)/(-20)*5)*-11.
2, 11, 37
Let h be (2 + -1)/(31/403). Suppose 5*u - 18*j = -h*j + 2655, -j = -1. What are the prime factors of u?
2, 7, 19
Let a = -368 - 45. Let v = 598 - a. What are the prime factors of v?
3, 337
Let w(n) be the third derivative of -n**6/240 - n**5/40 + 7*n**4/12 - 19*n**2. Let b(z) be the second derivative of w(z). List the prime factors of b(-17).
2, 3
Let u(p) = 21*p**2 - 5*p + 31. Let v be u(4). What are the prime factors of 3 + (-1)/(-1)*v?
2, 5, 7
Let x be (-5)/3 + -5 + 41517/27. Suppose -6*t + 9865 = x. List the prime factors of t.
3, 463
Suppose 97 + 197 = 7*a. Suppose 0 = -a*g + 28*g + 13314. List the prime factors of g.
3, 317
Suppose 0 = 3*w + 2*x + 25, 4*w - 2*x + 15 = -x. List the prime factors of 304 + (-6 - w)*3.
7, 43
Let b(m) = 6733*m + 3719. List the prime factors of b(4).
3, 17, 601
Let h(y) = y**3 - 17*y**2 + 33*y - 187. Let c be h(14). Let o = 442 + c. List the prime factors of o.
3, 43
Let r(p) = -2*p**2 + 3*p + 0*p - 12 + 3*p**2. Let l be r(4). Let m = l - 1. List the prime factors of m.
3, 5
Let d(h) = 21*h + 27. Let x = -65 - -97. Suppose -4*w + 13 + 19 = 4*y, w + x = 3*y. List the prime factors of d(y).
3, 79
Suppose -101 = -12*z + 10*z + 3*k, 3*z + 4*k - 160 = 0. Let t = z - -727. List the prime factors of t.
19, 41
Suppose 6*q = 39*a - 40*a + 15885, -2*a = q - 31715. What are the prime factors of a?
3, 5, 7, 151
Suppose -4*t - 77278 = -3*l, -3*t - 295 = l - 26024. List the prime factors of l.
2, 5, 103
Suppose 154*q = 153*q - 623. Let w = 712 + q. List the prime factors of w.
89
Let m = -147 - -566. Suppose -m - 109 = -d. What are the prime factors of d?
2, 3, 11
Let s be 40 + -42 - 1/((-2)/8). Suppose -7 = s*i + 131. Let p = i - -84. What are the prime factors of p?
3, 5
Suppose -32*a - 252 = -11*a. What are the prime factors of (2260/(-8) + 5)*16/a?
2, 5, 37
Let d = 619 + -628. List the prime factors of (-681)/d - 2 - 9/(-27).
2, 37
Let w be (-10)/(-8)*4 - -3. Suppose 105 = w*b - b. List the prime factors of 74/((-8)/10*b/(-6)).
37
Suppose -5*y - 240705 = -5*f, 2*f - 7*y = -6*y + 96286. List the prime factors of f.
5, 9629
Suppose -127*z + 178650 + 669415 = 113243. What are the prime factors of z?
2, 11, 263
Let g = -1632 - -2039. List the prime factors of g.
11, 37
Suppose 0 = 2*z + m - 1994, 5*z - 3852 = -4*m + 1127. What are the prime factors of z?
3, 37
Suppose 18*n - 4*o = 17*n + 24, n - 5*o - 22 = 0. Suppose -2*k = y - n, -3*y + 109 = 2*k - 3. What are the prime factors of y?
2, 5
Let h = 82 - 81. Suppose -5 = -3*q - o + h, -2*o = -3*q - 3. What are the prime factors of (-4)/(q - (-405)/(-395))?
2, 79
Suppose -2*n + 8205 = g - 3*n, 5*g = -n + 41031. List the prime factors of g.
2, 11, 373
Suppose 2*u + 7424 = 2*b, -3*b + 11176 = -69*u + 74*u. List the prime factors of b.
3, 7, 59
Suppose -6*s = 3 - 33. Suppose -4*j - z = -441, 5*j - 2*j + 4*z = 321. Suppose j + s = y. What are the prime factors of y?
2, 29
Let j = 93920 + -64220. List the prime factors of j.
2, 3, 5, 11
Let c = -243 - -252. Let n = 88 + c. What are the prime factors of n?
97
Let n = 11019 + -2901. What are the prime factors of n?
2, 3, 11, 41
Let c(i) = -286*i + 221. Let a(u) = -3*u - 1. Let h(v) = -65*a(v) + c(v). What are the prime factors of h(-10)?
2, 13, 23
What are the prime factors of 5484 - (-5 + 9 + 5 + -8)?
5483
Let f = 11 - -502. Let c = 1467 - f. List the prime factors of c.
2, 3, 53
Let c(v) be the third derivative of 7*v**5/60 - v**4/2 - 25*v**3/2 + 13*v**2 + 1. What are the prime factors of c(-10)?
5, 149
Let v(q) = -q**3 - 21*q**2 - 75*q - 156. List the prime factors of v(-21).
3, 11, 43
Suppose -11*i - 16 = -104. Let t(u) = -20 - 22 + 43 + 22*u. What are the prime factors of t(i)?
3, 59
Suppose -a + 846 = 686. Suppose 632 = 2*w + a. List the prime factors of w.
2, 59
Suppose 60371 = 4*g - 5*d, 0 = -g + 5*d + 15623 - 534. List the prime factors of g.
2, 7547
List the prime factors of -2 + 9 + -1 - (-3847 - 112/7).
53, 73
Suppose 3*d - 2*w - 3692 = 0, 3694 = 3*d + 17*w - 18*w. List the prime factors of d.
2, 7, 11
Let v = 13569 + 11497. What are the prime factors of v?
2, 83, 151
Let c = -728 - -1084. What are the prime factors of (c/52 - 7) + (-4773)/(-13)?
367
Suppose -14*k + 7*k + 14 = 0. Suppose -9*v + 576 = k*f - 7*v, 5*v - 268 = -f. List the prime factors of f.
293
Let l(v) = -2*v**3 + 23*v**2 - 13*v + 16. Let j be l(11). List the prime factors of j/63*-3543 + 18/(-42).
337
Let b = -2677 - -22293. List the prime factors of b.
2, 613
Suppose 3*i + 15 = 0, 2*x - 41 = -0*x - i. Suppose -6496 = 7*o - x*o. What are the prime factors of o?
2, 7, 29
What are the prime factors of ((-1328)/(-1162))/((-3)/(-64953))?
2, 3, 1031
Let i be (0/(-3) - 66)*-6. Let k(f) = f**3 - 12*f**2 - 19*f + 98. Let c be k(11). Let a = c + i. What are the prime factors of a?
2, 41
Let b(c) = c**2 - 6*c + 2. Let f be b(7). Let x(k) = 35*k - 101. What are the prime factors of x(f)?
2, 107
Let u = 1091 + -1047. Let l = -38 + 21. Let f = l + u. What are the prime factors of f?
3
Suppose 4*c = 1786 + 1130. Let d = c + -420. List the prime factors of d.
3, 103
Let y be 26*3/((-6)/(-4)). Suppose 2*z = 4*z + y. Let b = z + 47. What are the prime factors of b?
3, 7
Let q(b) = -2*b**3 - 9*b**2 - 8*b - 10. Let m be q(-3). Suppose k = -4*k - 120. Let x = m - k. What are the prime factors of x?
11
Let q(s) = s - 3. Let p be q(10). Suppose 0 = u - p*u + 612. Let c = 160 - u. List the prime factors of c.
2, 29
Suppose -3750 = 334*g - 336*g. Let o = -1089 + g. List the prime factors of o.
2, 3, 131
Suppose 3*t = 1051 + 2411. Suppose -3*o = -t + 149. What are the prime factors of o?
5, 67
Let a be 0 + 3/(-5) + 6/10. Suppose 184 = 5*u - 5*f - 236, a = 2*u - f - 168. Suppose 3*o + 3*j = -o + 171, 2*o + 2*j - u = 0. What are the prime factors of o?
3, 5
Let a be (-12)/9 + 888233/51. Suppose -6*d = 21*d - a. List the prime factors of d.
3, 5, 43
Let q(l) = -2 + 17*l + 34*l**2 - 58*l**2 + 23*l**2. Let r = 40 + -25. What are the prime factors of q(r)?
2, 7
Let l(j) = 8*j**3 + 2*j**2 - 2*j + 6. Let u be l(-3). Let v be ((-12)/(-15))/((-2)/190). Let i = v - u. What are the prime factor